9*(1 + -2) - 0. Is (-834)/v*(-9)/6 composite?
False
Suppose 3*m + 458 = 5*m. Let y = 408 - m. Is y prime?
True
Let b = -8 + 12. Suppose b*f - 18 = 26. Is f a composite number?
False
Let r be 1 + -1 + 0 - -2. Suppose -4*p = -2*n - 308, -157 = -n + r*n - 3*p. Is 1*2*n/(-8) a composite number?
False
Let q(s) = s**2 - 6*s - 6. Let y be q(6). Is (-88)/y*(-12)/(-8) a composite number?
True
Suppose 0 = n - 41 - 38. Is n prime?
True
Is (-780)/(-4) - 5/(15/(-12)) a composite number?
False
Suppose 0 = 2*s + 6, 348 = -2*u + 5*s + 105. Let x(l) = 61*l - 1. Let t be x(-3). Let j = u - t. Is j a composite number?
True
Let k = -823 - -1496. Is k a prime number?
True
Suppose 10*i - 3*i = 21. Is i a prime number?
True
Let d = -12 + 6. Let s(l) = 5 - 16*l + 2 + 3*l. Is s(d) a prime number?
False
Let q(n) be the first derivative of 3*n**2/2 - n - 3. Let i be q(2). Suppose -i*b = -269 - 26. Is b a composite number?
False
Suppose 2*p = -v + 135, 3*p + 0*v - 5*v = 222. Is p prime?
False
Suppose 2*o - 3*i - 18 + 3 = 0, -3*o = 3*i. Suppose 0 = -4*k + o*z + 83, 2*z = -k + 6*z + 11. Is k a prime number?
True
Suppose 657 = 4*w - 187. Is w composite?
False
Suppose 4*t - 3522 = -2*t. Is t a composite number?
False
Let j be 24/(-14)*(1 - 8). Suppose 4*q + 22 = -2*g, 2*q = 6*q + 4*g + j. Let b(d) = 2*d**2 + 10*d + 1. Is b(q) a composite number?
True
Is (-238)/(-3) + (-1)/3 a prime number?
True
Let h = -1617 + 2408. Is h a prime number?
False
Let m = 1 - 4. Let b(d) = 3*d**2 + d. Let a be b(m). Let p = 27 + a. Is p a prime number?
False
Suppose 5*l = 1485 + 1030. Is l a prime number?
True
Let g = 10 + -6. Suppose y = -g*d - 2*y + 21, 3 = y. Suppose 0*l + 213 = d*l. Is l a prime number?
True
Let a(z) = z**3 + 7*z**2 + z. Let r be a(-5). Suppose m = -2*m + r. Is m a prime number?
False
Let l(b) = b**2 - 4*b - 1. Let t be l(-8). Suppose -2*n + n = -11. Suppose -n = 4*y - t. Is y a prime number?
False
Let g(n) = 0*n - 1 - 3*n - n. Suppose -15 = 2*p + 3*p. Is g(p) a prime number?
True
Let v be ((-7)/(-2))/(-7)*2. Is v/4 + 2298/8 prime?
False
Let h(n) = n**2 + 7*n - 13. Let w be h(-9). Suppose -80 = -w*t - 970. Is t/(-3) - (-1)/(-3) prime?
True
Let p = -32 + 2873. Is p composite?
True
Suppose 0 = -4*c - 2*b + 8, -3*c + b - 10 = -8*c. Is (-585)/10*c/(-3) composite?
True
Let r be 5 + 0 + 4 + -3. Let s(i) = 70*i - 1. Is s(r) prime?
True
Suppose -4*a = 7 + 1, 2*b + 3*a = -6. Is ((0 - 1) + b)*-7 composite?
False
Is (287/5)/((-8)/(-40)) prime?
False
Let m(c) = -c + 9. Let a be m(7). Suppose 235 = -a*d + 749. Is d a prime number?
True
Let m(u) = -96*u + 3. Let i be m(-7). Suppose n = 1, -8*n = 5*j - 3*n - i. Is j a composite number?
True
Let o = 2 - 7. Let r be (6/(-8))/(o/20). Suppose 0 = r*k - 0*k - 177. Is k a composite number?
False
Is 1 + -4 - 2*-34 prime?
False
Let s = 3 + -3. Suppose 2*y + 23 = 4*g - 3*y, 3*g + 4*y + 6 = s. Suppose 2*m - 164 = -2*d, 2*m - m + 155 = g*d. Is d a prime number?
True
Let z = 542 - 39. Is z a prime number?
True
Let u(q) = 4*q**2 - 2*q - 1. Let y be u(-1). Let i(l) = l**3 - 3*l**2 - 3*l + 2. Is i(y) a composite number?
False
Let f(o) be the first derivative of 1/4*o**4 + 5/2*o**2 - 3 - 3*o + 11/3*o**3. Is f(-8) composite?
False
Suppose 2*l - 4*l + 3*u + 2 = 0, -5*u = -4*l. Let r(k) = -k**2 - 11*k - 6. Let a be r(l). Is 4*(-3)/a*-50 composite?
True
Suppose -4*t + 19 = 3*q, -5 = -5*t - 0. Let s(v) = 11*v + 2 - v - 1. Is s(q) prime?
False
Let g(v) = 8*v - 8*v + 11*v + 5*v**2 - 11 - 3*v**3. Let b(l) = l**3 - 2*l**2 - 4*l + 4. Let p(r) = -17*b(r) - 6*g(r). Is p(3) a composite number?
False
Let x = 45 + -396. Let n = -202 - x. Is n a composite number?
False
Suppose 2*i - 527 = -25. Suppose 8 = -5*h + h, -4*h + i = k. Is k a composite number?
True
Let w(g) = 16*g**2 + 4*g - 14. Is w(6) prime?
False
Suppose 4*s = v + 1018, 2*v = 12*s - 16*s + 1012. Is s composite?
True
Let v(o) = o**3 - 2*o**2 + 3*o - 4. Let t be v(4). Suppose 0 = w + 5*b - 19, w - b - t - 3 = 0. Is w a composite number?
True
Suppose 5 = r - 6*r. Is (r + -253)*(-4 - -3) a composite number?
True
Suppose 2 - 86 = 4*a. Let q = 83 - a. Let b = q - 55. Is b a composite number?
True
Let c(m) = -2*m - 3 + 3*m + 2 + 0*m. Let w be c(3). Suppose -5*j = -0*i + 5*i - 185, w*j = -3*i + 111. Is i a composite number?
False
Suppose 3*x = -2 - 10. Let g(u) = -5*u - 5. Is g(x) composite?
True
Suppose 0 = -5*q + 44 + 11. Is -5 + 6 + q*3 composite?
True
Let i be 2/8 - (-15)/4. Let x be 7*((-24)/(-7))/i. Suppose x = 3*g, 2*g - g = 4*h - 22. Is h composite?
True
Suppose 6*g = 3*g + 114. Suppose -2*k - g = 4*n - 110, 0 = 3*k + n - 103. Is k a composite number?
True
Let n(s) = s**3 - 11*s**2 + s + 1. Let w be n(11). Suppose m - 39 = w. Is m prime?
False
Let c be (-187)/(-7) + 8/28. Suppose -i + 3*i - c = -3*a, 20 = i - 5*a. Is i a composite number?
True
Suppose 4 = b - 5*b. Let l(u) = -102*u + 1. Let v be l(b). Let m = v + -54. Is m a prime number?
False
Suppose 737 = -5*v - 513. Let u = v + 499. Is u a prime number?
False
Let b(y) = -y**3 - 3*y**2 - 9*y - 5. Suppose -14 + 2 = 2*g. Is b(g) a prime number?
True
Let u = 6 - 1. Let k(n) = n**2 - 5*n + 6. Is k(u) composite?
True
Let d be (40/50)/((-1)/(-5)). Suppose 2*s - 970 = -5*y + 761, -y + 348 = s. Suppose -d*j + y = -j. Is j a composite number?
True
Is (-3733)/(-7) + (-10)/35 prime?
False
Suppose q + 4 = a, -5*a - 22 + 6 = 4*q. Let i(l) = l**2 + 3*l - 4. Let o be i(q). Is (25 - 0)*1 + o a prime number?
False
Let o(x) = x + 10. Let l be o(8). Suppose b - l = 4. Is b composite?
True
Suppose d - 18 = -2*d. Suppose 0 = -2*c + 3*c - d. Suppose 0 = c*w - 2*w - 212. Is w composite?
False
Suppose g + 4 = 9. Suppose -565 = g*b - 1370. Suppose u - b = -3*s, 143 = -4*s - u + 357. Is s a composite number?
False
Let k be (2 - (-1 - 1)) + -2. Is (3 - 26)/(k/(-6)) prime?
False
Let n(j) be the first derivative of j**2/2 + 4*j + 2. Let k be n(0). Suppose 3*r + k*m = 2*r + 15, r - 6 = 5*m. Is r a composite number?
False
Let a(i) = 8*i**2 + 4*i + 3. Let n(f) = 9*f**2 - 4*f + 2. Let k be n(2). Suppose 3*y = p - 4*p - k, -4*y - 46 = 5*p. Is a(p) a prime number?
False
Let p(n) = 4*n**2 - 7*n - 6. Let j be p(-9). Suppose -2*z + 3*l + 254 = 0, 0*z - l - j = -3*z. Is z a composite number?
False
Is (-5 - (-1 + -3))*-53 a prime number?
True
Suppose -22995 + 1355 = -8*g. Is g composite?
True
Is (226/4)/((-7)/(-70)) a prime number?
False
Let a be 29/(-4) - 9/12. Let i(g) = -g**3 - 5*g**2 - 4*g - 1. Let u be i(-4). Let s = u - a. Is s a prime number?
True
Let n(h) = h. Let r(l) = -l - 1. Let k(j) = -n(j) + 2*r(j). Let s be k(-2). Suppose 3*v - 774 = u, 1252 = 5*v + s*u - 21. Is v composite?
False
Let g = -5 + 5. Suppose 5*m + g*m = 615. Is m composite?
True
Let d = 17 - 14. Is ((-2)/d)/((-2)/159) a composite number?
False
Is (-859)/(-7) + 4/14 a composite number?
True
Suppose 0 = -x - o - 21, 2*x - 7 = -5*o - 34. Let c = x + 91. Is c a prime number?
False
Let y = -96 + -36. Let g = y + 225. Is g prime?
False
Let x = -111 + 230. Is x a prime number?
False
Suppose -3*s = -4*f + 10153, -2*f + 7758 - 2681 = -s. Is f a prime number?
True
Let y = 99 - 59. Suppose 2*z = -3*z + y. Is (7 - z)*298/(-2) a prime number?
True
Let z = 5305 + 1302. Is z composite?
False
Let u(h) be the third derivative of 4*h**5/15 - h**4/24 - h**3/6 + h**2. Is u(-3) a composite number?
True
Let r(y) = 0 + 12*y**2 + 21*y**2 - 3 - 3*y - 12*y**2. Is r(4) composite?
True
Let y be 12 + -2*1 + -1. Suppose -5*v + l = -10, -1 = v + 4*l - 3. Is v/(-6)*(-4239)/y a prime number?
True
Let o(w) = -w**2 - w + 67. Let g be (-256)/(-44) + 4/22. Let j = g + -6. Is o(j) a composite number?
False
Let u = 8100 - 4831. Is u prime?
False
Let m(s) be the third derivative of -s**5/40 + s**4/6 + s**3/6 - 3*s**2. Let k(o) be the first derivative of m(o). Is k(-6) a composite number?
True
Let j be (-2)/(-8)*6*2. Suppose -145 = 2*m - j*m. Suppose -4*r - 87 = -2*l + 15, 0 = -3*l + 2*r + m. Is l a composite number?
False
Suppose 672 + 172 = 4*k. Is k a prime number?
True
Let w = 242 - -17. Is w a prime number?
False
Suppose x = -2*x + 477. Is x a composite number?
True
Let a = 1218 - 718. Suppose 4*p = -5*z - 15 + a, -388 = -4*z + 2*p. Is z a prime number?
True
Suppose 4*o + 0*o = -4. Let v be o*1/1*-4. Suppose s + s - 54 = -3*f, 0 = -f + v. Is s prim